en thousands digit of x?
1
Suppose n + 648 = -n. Suppose 0*i - 3 = i - m, 4*m = -20. What is the units digit of ((-4)/i)/((-2)/n)?
1
Let q(k) = -k**2 + 43*k - 43*k. Let o(r) = 3*r**3 + 4*r**2 + 2*r - 2. Let w(b) = o(b) + q(b). What is the tens digit of w(3)?
1
What is the tens digit of -1 + 0 - -2 - ((-252)/18 + -9223)?
3
Let x(w) = -2*w**2 + w - 10. Let h be x(0). Let l be 13/(-65) - 2/h. Suppose l = -3*a + 12*a - 198. What is the tens digit of a?
2
Let n(y) = -3*y + 5. Let s(k) = 3*k - 6. Let m(f) = 4*n(f) + 5*s(f). Let z be m(6). Suppose -2*h - 2*g = -z, 3*g = h + g - 13. What is the units digit of h?
7
Suppose -67*t + 155*t - 201310 = 78*t. What is the ten thousands digit of t?
2
Suppose -2*d = 6, 9*h - 4*h = -3*d + 266. Suppose 17 + h = -4*b - 3*q, 12 = 3*q. Let j = b + 29. What is the units digit of j?
8
Let a(q) = -2*q**3 - 23*q**2 - 7*q + 2. Let s be a(-11). What is the hundreds digit of s*8*17/(-17)?
3
Suppose 35*i = 413435 + 268855. What is the ten thousands digit of i?
1
Suppose 0 = 133*r - 153*r + 24720. What is the tens digit of r?
3
Let t be 14/(-2) + 4 - -31. Suppose 3*c - t = 5*g, 4*c - 14 = -g - 4*g. What is the tens digit of (38/c)/((-1)/(-6))?
3
Suppose g + 28 = 15*g. Let p(x) = 96*x - 20. What is the hundreds digit of p(g)?
1
Let x = 4338 - -6949. What is the thousands digit of x?
1
Let o be ((-4)/12)/(-1 + 5/6). What is the units digit of (-1280)/(-5) + (6/o - 7)?
2
Let m be (-4)/(3 - (5 + 0/1)). Let w be m/4 + (-639)/(-6). Suppose 7*k = w + 5. What is the tens digit of k?
1
Let v(p) = -71*p + 275. What is the tens digit of v(-26)?
2
Let z be ((-52)/6)/((-13)/390). Let g = z - 64. Suppose 2*o - 218 = -2*j, o = 5*j - 63 + g. What is the tens digit of o?
1
Let a(i) be the third derivative of 0 + 15*i**2 - 3/8*i**4 - 7/2*i**3 + 0*i. What is the units digit of a(-12)?
7
Let n = -337 - -345. Suppose 2*h = n*h - 7254. What is the units digit of h?
9
Let d(l) be the first derivative of 34*l**3/3 + 11*l**2/2 + 37*l + 232. What is the tens digit of d(-4)?
3
What is the thousands digit of (0 + 2/(8/1541))*16?
6
Let u = 32944 - 16022. What is the ten thousands digit of u?
1
Let j be -11 + (3 - -1) + 4. Let c = j - -101. Suppose 4*z - c = -22. What is the units digit of z?
9
Suppose 6*s = 692 + 10858. What is the units digit of s?
5
Let m(k) = -75*k**2 - 20 - 76*k**2 + 26*k + 234*k**2 - 81*k**2. What is the tens digit of m(-22)?
7
Let y be -4 - (-109)/(-2 - (-22)/10). Suppose 5*h = 5*u - 650, -u = -5*u - 3*h + y. Let p = u + -10. What is the units digit of p?
3
Let o = -9222 + 21256. What is the units digit of o?
4
Let p be 26 - 6 - 1 - (-2)/2. What is the hundreds digit of 4*-5*(-344)/p?
3
Suppose -12 = -3*n + n. Let g be (n*(-2)/(-8))/(2/(-704)). What is the units digit of g/(-5) + -4*(-1)/10?
6
What is the units digit of 2/14 - (-22819802)/2317?
9
Let s(r) = -8*r**3 + 3*r**2 + r - 2. Let x be s(1). What is the units digit of ((-1962)/x)/(6/4)?
8
Let b(n) = 15 + 19 + 13 - n - 54. Let v be b(-7). Suppose 173 = q - v*q. What is the units digit of q?
3
Let c(b) be the third derivative of -b**5/30 - b**4/24 + 398*b**3/3 - 225*b**2. What is the units digit of c(0)?
6
Suppose -3*b - 15 = -3*s, -28 = -4*s - b - 8. Suppose -4*l - 98 = 3*g - 75, -2*g + l = -3. What is the units digit of (4/s)/(g - (-435)/425)?
4
Suppose 35*g = 34*g + 2. Suppose 14 = 6*a + g. What is the units digit of a?
2
Let i(t) = t - 21. Let d be i(17). What is the hundreds digit of 7854/49 + 2 + d/14?
1
Let z be ((-11)/(55/1436))/((-8)/140). Let y = -3219 + z. What is the tens digit of y?
0
Let h be (2 + 1*(-3 + 1))/(-2). Suppose h = 10*l - 2821 - 3809. What is the units digit of l?
3
Let o(s) = 2*s**3 + 16*s + 15. Let z be 5/10*(17 - 0 - 3). What is the tens digit of o(z)?
1
Suppose 0 = 13*g - 16*g + 9. Suppose 4*x + x - 23 = 2*v, 2*v + g*x = 1. What is the units digit of (-1*117)/(2/v*3)?
8
Let a(n) = -2*n + 0*n - 4*n + 10 + 7*n. Let y be a(-5). Suppose y*s - 3*s = 5*t + 61, -5*s - t + 112 = 0. What is the units digit of s?
3
Let c(i) = 2*i - 12. Let k be c(-15). What is the units digit of (-12)/(-14) - 6/k?
1
Suppose 0 = y - 5*u - 402, -y - 72*u + 71*u = -432. What is the tens digit of y?
2
Let i(q) = -q**2 - 13*q + 96. Let k be i(5). Suppose -1488 = -4*u + k*x - 5*x, u = x + 375. What is the tens digit of u?
7
Suppose 0 = 2*k - 3*a - 21, -a - 2*a - 15 = 0. Suppose -2*t + 3*t + k*l = 2, 10 = -t + l. Let d = 16 + t. What is the units digit of d?
9
Let q(x) = 212*x**2 - 19*x - 41. Let a be q(-2). Let s = a + 482. What is the hundreds digit of s?
3
What is the thousands digit of 11839/4*10/3 + (-1470)/1764?
9
Let y(p) = 6*p**2 + 6*p - 7. Let q be y(1). Suppose 4193 = 34*n - 30*n - q*o, -n + 4*o + 1040 = 0. What is the tens digit of n?
5
Let r(j) = 10*j**2 + 3*j - 6. Suppose 3*y = -3*c - 351, 0 = -5*y - 4*c - 159 - 425. Let b = y - -119. What is the units digit of r(b)?
3
What is the tens digit of ((-54)/(-4))/((-342)/(-929784))?
0
Suppose -497*m = -494*m - 9. Suppose m*t + 5*g = 2241, t + 2*g - 1033 = -285. What is the units digit of t?
2
Let t(h) = 5*h + 0 + 5 + 28*h + 2. Let a be t(3). Let p = a + -52. What is the units digit of p?
4
Suppose -3*w + 4*i + 91115 = 0, -7168 + 98346 = 3*w + 5*i. What is the tens digit of w?
8
Suppose 2*i + 4*o - 294 = 426, 5*i - 1856 = 4*o. Suppose -3*x = -c - c - i, 0 = -4*x + 2*c + 492. What is the hundreds digit of x?
1
Let b = -15990 + 36032. What is the units digit of b?
2
Let q(u) = -38*u**2 + 9*u - 3. Let i be q(5). Let t = -89 - i. What is the hundreds digit of t?
8
Let x = 37 + -21. Suppose x = -2*n + 6*n. Suppose 3*s = -5*r + 453, -s + 0*s = n. What is the tens digit of r?
9
Let i(y) = -y**3 - y**2 + 16*y - 7. Let a be i(3). Let t(l) = l**3 + 8*l**2 + 6*l - 3. Let g be t(-6). Suppose -648 = -a*f - g. What is the tens digit of f?
2
Suppose -y - 950 = 2597. Let a = -2532 - y. What is the units digit of a?
5
Let y(p) = -10*p**3 - 2*p + 3. Let m be y(1). Let u be (1036/6)/((-6)/m). Let h = u - 166. What is the tens digit of h?
9
Let l = -199 - -204. Suppose 4*w + 2*r = 40, -4*r = -l*w - 12 + 49. What is the units digit of w?
9
Let f(w) = -41*w**3 + 2*w**2 - 46*w + 40. What is the hundreds digit of f(-6)?
2
Suppose 0 = 8*s - 795 - 5. Suppose z = -s - 350. Let l = 632 + z. What is the hundreds digit of l?
1
Let x = -10 - 16. Let u = x - -58. Let g = 87 + u. What is the hundreds digit of g?
1
Let b = -207 - -212. What is the hundreds digit of 126*b + 3 - -2?
6
Suppose 2*f = -0*j - j + 1, 0 = 3*j - 2*f - 19. Suppose g + j*a = 52, 3*g - 6*g - 3*a = -204. Let p = g - 53. What is the units digit of p?
9
Suppose 435*p - 14683456 = 122*p. What is the ten thousands digit of p?
4
Suppose -4*j = -443 + 427. Suppose -2*h = -4*b - 564, -j*h + 537 = -2*h + 5*b. What is the tens digit of h?
7
Suppose 0 = 4*o - 20, 3*o + 30590 = h + 4*h. What is the units digit of h?
1
Let h = -19261 - -32543. What is the ten thousands digit of h?
1
Let r(q) = -7 + q**2 - 1041*q + 1044*q - 25. What is the tens digit of r(-26)?
6
Let c(j) = -2*j - 20. Suppose k + 4 = -9. Let l be c(k). What is the tens digit of l/14 - 792/(-14)?
5
Suppose 0 = -3*q + f + 6097 + 9799, -4*q + 3*f + 21193 = 0. What is the tens digit of q?
9
Suppose -10*c + 27839 = -5*c + 3*x, 2*c - 11142 = 2*x. What is the tens digit of c?
6
Let s(k) = -19 - 15 + 37*k - 13 + 42. Suppose -4*c + 3 = -9. What is the hundreds digit of s(c)?
1
Let v(p) = -p + 11. Let w be v(4). Suppose 16 + 12 = w*x. Suppose -4*t - 10 = -s, 3*s - x*t + 3*t = 63. What is the units digit of s?
2
Suppose -67*h - 140490 = -168*h + 83*h. What is the thousands digit of h?
7
What is the thousands digit of ((-3464)/5)/(-4)*(-16430)/(-124)?
2
What is the thousands digit of 6*1*(16012992/7488 + (-2)/13)?
2
Suppose -2*r + 5*m - 12 = 0, -2 + 32 = -5*r + m. Let v(j) = -48*j + 102. What is the tens digit of v(r)?
9
Suppose 9*f - f = 40. Suppose 4*q = -f*y + 981, -7*y + 10 = -5*y. Suppose p - 2*b = 63, -5*b + q = -7*p + 11*p. What is the units digit of p?
1
Suppose -2*v = -3*j + 123 + 27, -v = -3*j + 147. Let s = 1 + j. Let f = s + 41. What is the tens digit of f?
9
Suppose 0 = -57*k + 59*k. Suppose 5*d - r - 3*r + 271 = k, -5*r - 184 = 4*d. Let w = 52 + d. What is the units digit of w?
1
Let g = 48 - 116. Let h = -64 - g. Suppose -3*a